s - 3*y - 44. Suppose 315 + 425 = 5*v. Suppose 0 = u + 4*n - 42 - v, 0 = 4*n + 8. What is the greatest common divisor of u and s?
22
Suppose -g + 9 = 3. Let t(a) = 22*a - 2. Let w be t(g). Suppose n - 37 = 15. What is the greatest common divisor of w and n?
26
Suppose 2*f - 2*y + 46 - 16 = 0, -2*y + 66 = -5*f. Let k be f + -3 + -1 + 4. Let g be -2*10*21/k. What is the highest common factor of 5 and g?
5
Let y(o) = -3*o**2 - 56*o - 19. Let v be y(-24). Let j be 1 - 622/(-13) - 62/v. What is the greatest common divisor of 49 and j?
49
Suppose 82 = 5*n - 28. Calculate the highest common divisor of 132 and n.
22
Let d = 170 + -86. What is the highest common factor of 392 and d?
28
Let u = -31 - -48. Let s = 721 - 716. Suppose -2 = s*w - u, -a = -2*w - 30. What is the greatest common factor of a and 54?
18
Suppose -5*o = 4*s - 1033, -8*s - 4 = -10*s. Suppose 2*u - 86 = d, -5*u + 205 + 16 = -4*d. What is the greatest common divisor of o and u?
41
Let u(x) = x**2 + 7*x + 7. Let p be u(-6). Let a = 4 + p. Let n be 2/a - (-96)/60. What is the greatest common divisor of 2 and n?
2
Let s = -5 + 2. Let i be ((-2)/s*6)/2. Suppose -w - 2*w = -4*v + 186, 0 = 4*v + i*w - 196. What is the greatest common divisor of 12 and v?
12
Let j = -749 - -752. Let i be (-6)/4*22/(-1). What is the highest common factor of i and j?
3
Let p = 421 - 357. What is the greatest common divisor of p and 88?
8
Suppose -5*s + 22 + 23 = 0. Let l be (-6)/s + (-596)/(-3). Let r = -32 + 50. What is the highest common divisor of l and r?
18
Suppose -646 = -2*d + 3*z, 4*d = -5*z + 44 + 1226. Calculate the highest common factor of 20 and d.
20
Suppose 5 = 2*o + 1. Let x(q) = q**2 - q. Let u be x(-4). Suppose 9*f = 4*f + u. Calculate the greatest common divisor of o and f.
2
Let u(x) = x**2 - 3*x - 3. Let p be u(-4). Suppose 7*k + p = 12*k. Suppose g - 2 + 0 = 0. What is the greatest common factor of g and k?
1
Let g = 25 - 53. Let h = g + 60. What is the greatest common factor of 64 and h?
32
Suppose -22 = 6*h - 8*h - 4*g, 2*g + 115 = 5*h. Suppose -5*x - 314 + 42 = -2*v, -5*x - 20 = 0. Calculate the highest common divisor of v and h.
21
Let u = 16 + 4. Suppose 3*q + 2 = -2*j + 7, j - 9 = 5*q. What is the highest common factor of j and u?
4
Let o be ((-6)/(-8))/((-185)/(-60) - 3). What is the highest common divisor of o and 1467?
9
Let f = 282 - 254. What is the highest common factor of f and 4?
4
Let o = -4 + -4. Let h = o - -14. Let i = 109 - 103. What is the highest common divisor of h and i?
6
Let u = 2341 - 2299. Let h = -14 + 28. Calculate the highest common factor of h and u.
14
Let c be (0 + 2)/1 - 1. Let k = c - 0. Let s = -11613 + 11621. Calculate the highest common factor of s and k.
1
Let l be 1144/65 + (-2)/(-5). Let d be (-3 - -2)/((-1)/l*2). Calculate the greatest common divisor of 72 and d.
9
Suppose 2*z - 10 = -0*z. Suppose 5*k - 31 = -g + 2, 0 = 2*g - z*k + 9. Let x be 9/((-432)/(-560)) - (-2)/6. Calculate the greatest common factor of g and x.
4
Let l(k) = 0 - 12 - 9*k + 2*k**2 + 5. Let m be l(7). Suppose -m = -u - u. What is the highest common factor of 70 and u?
14
Let j be 12/7 - (-14)/49. Let r(n) = 6*n + 4*n**j + 0*n**2 + 3 - n**2. Let u be r(-4). Calculate the greatest common divisor of 270 and u.
27
Let l be 4 + -10 + 13 + 67. Calculate the greatest common factor of l and 259.
37
Let s = -11 + 11. Suppose -6*a + 33 - 3 = s. What is the highest common divisor of 35 and a?
5
Suppose a + 3*a = -3*c + 31, 7 = 3*a - c. Suppose -6*q = -5*q - 3. Suppose -a = -5*n + q*n. What is the greatest common divisor of n and 10?
2
Suppose 53444 - 131312 = -54*k. Calculate the greatest common divisor of k and 14.
14
Let i(h) be the first derivative of -16*h**2 - 4. Suppose -4*f - 1 - 15 = 0. Let d be i(f). Calculate the highest common factor of 32 and d.
32
Let u(q) = 35*q + 120. Let z be u(-3). What is the greatest common divisor of 705 and z?
15
Suppose -2*l + 562 = 262. What is the highest common divisor of 25 and l?
25
Let b = -1246 + 1911. What is the greatest common divisor of b and 70?
35
Let s be ((-780)/(-8))/((-1)/((-2)/1)). Calculate the greatest common divisor of s and 312.
39
Suppose -8*g - 130 = -9*g. Suppose 0 = x + 4*x - g. What is the highest common factor of 65 and x?
13
Suppose -3*u = -4*h + 20, -9 + 7 = 5*h + 3*u. Suppose 5*s - v + h*v - 954 = 0, 5*s = v + 946. What is the highest common divisor of s and 76?
38
Let v be (78/24*-1)/(2/(-8)). What is the highest common divisor of v and 104?
13
Suppose -9*r + 4*r - 4*z = -335, -242 = -4*r + 2*z. What is the greatest common factor of 1071 and r?
63
Let p be 3/(2 - (-23)/(-10)). Let l be (-1)/5 + (-12)/p. What is the greatest common factor of 3 and l?
1
Let v = -95 - -126. Calculate the highest common factor of 341 and v.
31
Let u be 416/30 + (-66)/(-495). Suppose -18*z + u*z + 4 = 0. Let c(k) = k + 4. Let f be c(0). Calculate the greatest common divisor of z and f.
1
Let d be (-4)/(-26) + (-3269)/(-364)*8. Calculate the highest common divisor of 120 and d.
24
Let r(s) = 3*s + 4 + 5 - 4*s. Let q(l) = 3*l - 26. Let t(c) = 2*q(c) + 7*r(c). Let m be t(0). Calculate the greatest common divisor of 77 and m.
11
Suppose 0 = -10*v + 162 + 258. Calculate the highest common factor of v and 105.
21
Suppose 78 = -2*k + 5*k + 3*d, -3*d - 122 = -5*k. Suppose -3*u + k = 1. Calculate the highest common divisor of 88 and u.
8
Let f = 890 - 690. What is the greatest common factor of 32 and f?
8
Let p = 33 + 1. Let f = 919 - 902. Calculate the greatest common factor of p and f.
17
Let n be 8 - -1*(2 - 4). Let j be 18/15*320/n. Let a(l) = -l**2 - 8*l + 4. Let f be a(-6). What is the greatest common factor of j and f?
16
Let b be (-5)/(5/1) + 1. Suppose -10*i + 6*i = b. Suppose i = 6*w - 2*w - 88. What is the greatest common divisor of 2 and w?
2
Let x be (2 - 2)/(2/((-3)/3)). Suppose -m + 115 + 20 = x. What is the highest common factor of m and 27?
27
Let d(g) = 2*g**2 + 6*g - 11. Let x be d(-5). Calculate the greatest common divisor of x and 1.
1
Let m be 4 + -5 + -3 + 27. Suppose 0 = -u + 1, 0*s + u + 505 = 2*s. Calculate the greatest common factor of s and m.
23
Suppose -3*n = -q, -9 - 15 = -5*q + 3*n. Suppose -q*m + 60 = -5*m. What is the greatest common factor of m and 24?
12
Let j = -8 + 23. Let a = j + -13. Suppose a*y + 3*y = 805. Calculate the highest common factor of y and 23.
23
Let m(i) = -2*i**3 - 8*i**2 - 4*i - 44. Let s be m(-8). Calculate the greatest common factor of 4 and s.
4
Let x(p) = -4*p - 2*p**3 + 5*p**2 - p**3 + 2*p**3. Let a be x(3). Calculate the highest common factor of a and 54.
6
Let m be 8/76 - (-8 + 604/(-38)). Calculate the greatest common divisor of m and 24.
24
Let r = -23 - -12. Let v(h) = h + 14. Let f be v(r). Suppose -5*u = -4*w + 36, -f*u + 70 - 16 = 3*w. Calculate the greatest common factor of w and 2.
2
Let a be (287/2)/7 - 15/(-10). Calculate the greatest common factor of a and 55.
11
Let j(d) = 28*d + 104. Let h be j(12). What is the highest common divisor of 100 and h?
20
Let h be 24/(-228) + 17028/38. What is the greatest common divisor of h and 56?
56
Suppose 0 = -5*p - 2*l + 583, -346 = -3*p - 9*l + 4*l. Suppose 2*j = 7*j - 45. What is the highest common divisor of p and j?
9
Let c be (3 - -7) + 4 + -2. Suppose c*b - 17*b = -30. What is the greatest common divisor of 12 and b?
6
Let b = -1681 - -1709. Calculate the highest common factor of 14 and b.
14
Suppose 441 - 1071 = -18*l. Let w(k) = -k**3 - 6*k**2 + 7*k + 4. Let x be w(-7). Let p = 11 - x. What is the highest common factor of l and p?
7
Let i(l) = -4*l**3 - 4*l**2 - 2*l. Let s(m) = -m**2 + m + 4. Let u be s(3). Let g be i(u). Suppose -13 = x - g. What is the greatest common factor of 35 and x?
7
Suppose 27*l = 2*k + 30*l - 311, -2*k + 305 = 5*l. Calculate the highest common factor of 90 and k.
10
Suppose 3*l = -z + 30 - 11, 5 = -z + 5*l. Suppose -4*u + 0*u = 80. Let w be (10/8)/((-1)/u). Calculate the highest common divisor of w and z.
5
Let r(k) = 8*k + 1. Let v be r(5). Let x be ((-10045)/70)/((-1)/2). Calculate the greatest common divisor of v and x.
41
Let x(h) be the second derivative of -3*h**5/4 - h**4/6 - h**3/6 - 3*h**2 + 29*h. Let k be x(-3). Calculate the greatest common factor of k and 48.
48
Suppose u + 2*u - 29 = -